{"id":438,"date":"2023-08-22T13:08:10","date_gmt":"2023-08-22T13:08:10","guid":{"rendered":"https:\/\/farkasfilter.hu\/?page_id=438"},"modified":"2026-02-25T06:07:50","modified_gmt":"2026-02-25T06:07:50","slug":"palyazat","status":"publish","type":"page","link":"https:\/\/farkasfilter.hu\/index.php\/palyazat\/","title":{"rendered":"P\u00e1ly\u00e1zat"},"content":{"rendered":"\t\t<div data-elementor-type=\"wp-page\" data-elementor-id=\"438\" class=\"elementor elementor-438\" data-elementor-post-type=\"page\">\n\t\t\t\t\t\t<section class=\"elementor-section elementor-top-section elementor-element elementor-element-9d9aed5 elementor-section-boxed elementor-section-height-default elementor-section-height-default\" data-id=\"9d9aed5\" data-element_type=\"section\" data-e-type=\"section\">\n\t\t\t\t\t\t<div class=\"elementor-container elementor-column-gap-default\">\n\t\t\t\t\t<div class=\"elementor-column elementor-col-100 elementor-top-column elementor-element elementor-element-5e82fb6\" data-id=\"5e82fb6\" data-element_type=\"column\" data-e-type=\"column\">\n\t\t\t<div class=\"elementor-widget-wrap elementor-element-populated\">\n\t\t\t\t\t\t<div class=\"elementor-element elementor-element-197ec8d elementor-widget elementor-widget-heading\" data-id=\"197ec8d\" data-element_type=\"widget\" data-e-type=\"widget\" data-widget_type=\"heading.default\">\n\t\t\t\t<div class=\"elementor-widget-container\">\n\t\t\t\t\t<h2 class=\"elementor-heading-title elementor-size-default\">Digit\u00e1lis Meg\u00fajul\u00e1s Operat\u00edv Program Plusz<\/h2>\t\t\t\t<\/div>\n\t\t\t\t<\/div>\n\t\t\t\t\t<\/div>\n\t\t<\/div>\n\t\t\t\t\t<\/div>\n\t\t<\/section>\n\t\t\t\t<section class=\"elementor-section elementor-top-section elementor-element elementor-element-ebac76d elementor-section-boxed elementor-section-height-default elementor-section-height-default\" data-id=\"ebac76d\" data-element_type=\"section\" data-e-type=\"section\">\n\t\t\t\t\t\t<div class=\"elementor-container elementor-column-gap-default\">\n\t\t\t\t\t<div class=\"elementor-column elementor-col-100 elementor-top-column elementor-element elementor-element-f714221\" data-id=\"f714221\" data-element_type=\"column\" data-e-type=\"column\">\n\t\t\t<div class=\"elementor-widget-wrap elementor-element-populated\">\n\t\t\t\t\t\t<div class=\"elementor-element elementor-element-984ef65 elementor-widget elementor-widget-image\" data-id=\"984ef65\" data-element_type=\"widget\" data-e-type=\"widget\" data-widget_type=\"image.default\">\n\t\t\t\t<div class=\"elementor-widget-container\">\n\t\t\t\t\t\t\t\t\t\t\t\t\t\t\t<img decoding=\"async\" src=\"https:\/\/farkasfilter.hu\/wp-content\/uploads\/2026\/02\/Nevtelen-1-masolat.webp\" title=\"\" alt=\"\" loading=\"lazy\" \/>\t\t\t\t\t\t\t\t\t\t\t\t\t\t\t<\/div>\n\t\t\t\t<\/div>\n\t\t\t\t\t<\/div>\n\t\t<\/div>\n\t\t\t\t\t<\/div>\n\t\t<\/section>\n\t\t\t\t<section class=\"elementor-section elementor-top-section elementor-element elementor-element-5a48ae4 elementor-section-boxed elementor-section-height-default elementor-section-height-default\" data-id=\"5a48ae4\" data-element_type=\"section\" data-e-type=\"section\">\n\t\t\t\t\t\t<div class=\"elementor-container elementor-column-gap-default\">\n\t\t\t\t\t<div class=\"elementor-column elementor-col-100 elementor-top-column elementor-element elementor-element-92958f1\" data-id=\"92958f1\" data-element_type=\"column\" data-e-type=\"column\">\n\t\t\t<div class=\"elementor-widget-wrap elementor-element-populated\">\n\t\t\t\t\t\t<div class=\"elementor-element elementor-element-8c946bd elementor-widget elementor-widget-heading\" data-id=\"8c946bd\" data-element_type=\"widget\" data-e-type=\"widget\" data-widget_type=\"heading.default\">\n\t\t\t\t<div class=\"elementor-widget-container\">\n\t\t\t\t\t<h2 class=\"elementor-heading-title elementor-size-default\">GINOP-8.3.5-18\/B<\/h2>\t\t\t\t<\/div>\n\t\t\t\t<\/div>\n\t\t\t\t\t<\/div>\n\t\t<\/div>\n\t\t\t\t\t<\/div>\n\t\t<\/section>\n\t\t\t\t<section class=\"elementor-section elementor-top-section elementor-element elementor-element-de15923 elementor-section-boxed elementor-section-height-default elementor-section-height-default\" data-id=\"de15923\" data-element_type=\"section\" data-e-type=\"section\">\n\t\t\t\t\t\t<div class=\"elementor-container elementor-column-gap-default\">\n\t\t\t\t\t<div class=\"elementor-column elementor-col-100 elementor-top-column elementor-element elementor-element-53fa9e7\" data-id=\"53fa9e7\" data-element_type=\"column\" data-e-type=\"column\">\n\t\t\t<div class=\"elementor-widget-wrap elementor-element-populated\">\n\t\t\t\t\t\t<div class=\"elementor-element elementor-element-56b79de elementor-widget elementor-widget-text-editor\" data-id=\"56b79de\" data-element_type=\"widget\" data-e-type=\"widget\" data-widget_type=\"text-editor.default\">\n\t\t\t\t<div class=\"elementor-widget-container\">\n\t\t\t\t\t\t\t\t\t<p>Ad\u00f3s neve: Farkas-Filter Kft<\/p>\n<p>Forg\u00f3eszk\u00f6z finansz\u00edroz\u00e1s tartalm\u00e1mak r\u00f6vid bemutat\u00e1sa: K\u00e9szletbeszerz\u00e9s \u00e9s munkaer\u0151 k\u00f6lts\u00e9g<\/p>\n<p>Hitelprogram azonos\u00edt\u00f3 jele: GINOP-8.3.5-18\/B<br>T\u00e1mogat\u00e1s \u00f6sszege: 21.000.000.- Visszat\u00e9r\u00edtend\u0151 kedvezm\u00e9nyes hitel.<br><\/p>\t\t\t\t\t\t\t\t<\/div>\n\t\t\t\t<\/div>\n\t\t\t\t\t<\/div>\n\t\t<\/div>\n\t\t\t\t\t<\/div>\n\t\t<\/section>\n\t\t\t\t<section class=\"elementor-section elementor-top-section elementor-element elementor-element-509cc9c elementor-section-boxed elementor-section-height-default elementor-section-height-default\" data-id=\"509cc9c\" data-element_type=\"section\" data-e-type=\"section\">\n\t\t\t\t\t\t<div class=\"elementor-container elementor-column-gap-default\">\n\t\t\t\t\t<div class=\"elementor-column elementor-col-100 elementor-top-column elementor-element elementor-element-7ef468b\" data-id=\"7ef468b\" data-element_type=\"column\" data-e-type=\"column\">\n\t\t\t<div class=\"elementor-widget-wrap elementor-element-populated\">\n\t\t\t\t\t\t<div class=\"elementor-element elementor-element-9c084f5 elementor-widget elementor-widget-heading\" data-id=\"9c084f5\" data-element_type=\"widget\" data-e-type=\"widget\" data-widget_type=\"heading.default\">\n\t\t\t\t<div class=\"elementor-widget-container\">\n\t\t\t\t\t<h2 class=\"elementor-heading-title elementor-size-default\">GINOP_PLUSZ-1.2.1-21<\/h2>\t\t\t\t<\/div>\n\t\t\t\t<\/div>\n\t\t\t\t\t<\/div>\n\t\t<\/div>\n\t\t\t\t\t<\/div>\n\t\t<\/section>\n\t\t\t\t<section class=\"elementor-section elementor-top-section elementor-element elementor-element-66c94ddd elementor-section-full_width elementor-section-height-default elementor-section-height-default\" data-id=\"66c94ddd\" data-element_type=\"section\" data-e-type=\"section\">\n\t\t\t\t\t\t<div class=\"elementor-container elementor-column-gap-default\">\n\t\t\t\t\t<div class=\"elementor-column elementor-col-100 elementor-top-column elementor-element elementor-element-58d566f2\" data-id=\"58d566f2\" data-element_type=\"column\" data-e-type=\"column\">\n\t\t\t<div class=\"elementor-widget-wrap elementor-element-populated\">\n\t\t\t\t\t\t<div class=\"elementor-element elementor-element-5e17448d elementor-widget__width-initial elementor-widget elementor-widget-text-editor\" data-id=\"5e17448d\" data-element_type=\"widget\" data-e-type=\"widget\" data-widget_type=\"text-editor.default\">\n\t\t\t\t<div class=\"elementor-widget-container\">\n\t\t\t\t\t\t\t\t\t<p>A Gazdas\u00e1gfejleszt\u00e9si \u00e9s Innov\u00e1ci\u00f3s Operat\u00edv Program Plusz keret\u00e9n bel\u00fcl t\u00e1mogatott, a meghirdetett<br \/>GINOP_PLUSZ-1.2.1-21 felh\u00edv\u00e1sban elnyert, GINOP_PLUSZ-1.2.1-21-2021-02761 azonos\u00edt\u00f3sz\u00e1mmal<br \/>ell\u00e1tott projektj\u00e9vel a Farkas-Filter Kereskedelmi \u00e9s Szolg\u00e1ltat\u00f3 Korl\u00e1tolt Felel\u0151ss\u00e9g\u0171 T\u00e1rsas\u00e1g,<br \/>energetikai fejleszt\u00e9st, nyelvi k\u00e9pz\u00e9si programot, valamint eszk\u00f6zbeszerz\u00e9st hajtott v\u00e9gre.<br \/>A projekt a Sz\u00e9chenyi Terv Plusz program keret\u00e9ben val\u00f3sult meg. A v\u00e1llalkoz\u00e1s ezzel a komplex<br \/>fejleszt\u00e9s\u00e9vel eszk\u00f6zei technikai sz\u00ednvonal\u00e1t, energiahat\u00e9konys\u00e1g\u00e1t n\u00f6velte, valamint fejlesztette<br \/>kommunik\u00e1ci\u00f3s k\u00e9pess\u00e9g\u00e9t. Ezzel alacsonyabb \u00e1rakat, hat\u00e9konyabb kiszolg\u00e1l\u00e1st teremtett vev\u0151i<br \/>sz\u00e1m\u00e1ra. A Farkas-Filter Kft technol\u00f3giafejleszt\u00e9si projektje keretein bel\u00fcl &#8211; 70%-s t\u00e1mogat\u00e1s<br \/>intenzit\u00e1ssal &#8211; 10,49 milli\u00f3 forintos eur\u00f3pai uni\u00f3s, felt\u00e9telesen visszat\u00e9r\u00edtend\u0151 t\u00e1mogat\u00e1ssal, a<br \/>k\u00f6vetkez\u0151 fejleszt\u00e9sek val\u00f3sultak meg:<br \/>Megval\u00f3sult az projektben tervezett teljes eszk\u00f6zbeszerz\u00e9s. A projekt sor\u00e1n a k\u00f6vetkez\u0151 eszk\u00f6z\u00f6k<br \/>ker\u00fcltek beszerz\u00e9sre \u00e9s a projekt megval\u00f3s\u00edt\u00e1s helysz\u00edn\u00e9n:<br \/>&#8211; TEXA Z10410, kl\u00edmat\u00f6lt\u0151<br \/>&#8211; TEXA g\u00e9pj\u00e1rm\u0171 diagnosztika TEX D127X0<br \/>&#8211; TEXA Z12180, kl\u00edmat\u00f6lt\u0151<br \/>&#8211; EVERT ker\u00e9kszerel\u0151 g\u00e9p<br \/>&#8211; Gear Tronic 2 &#8211; ATF folyad\u00e9k cser\u00e9l\u0151 berendez\u00e9s<br \/>&#8211; EVERT ker\u00e9k kiegyens\u00falyoz\u00f3 g\u00e9p<br \/>&#8211; HELLA l\u00e1mpabe\u00e1ll\u00edt\u00f3<br \/>&#8211; A projekt r\u00e9szek\u00e9nt 15KWp napelemes rendszer ker\u00fclt ki\u00e9p\u00edt\u00e9sre, mely a v\u00e1llalkoz\u00e1s<br \/>energiasz\u00fcks\u00e9glet\u00e9t r\u00e9szben biztos\u00edtja.<br \/>&#8211; Ezen t\u00falmen\u0151en a v\u00e1llalkoz\u00f3i tud\u00e1s b\u0151v\u00edt\u00e9se ok\u00e1n r\u00e9szt vett\u00fcnk az IFKA \u00e1ltal lebonyol\u00edtott<br \/>v\u00e1llalkoz\u00e1sfejleszt\u00e9si k\u00e9pz\u00e9sen.<br \/>&#8211; A projekt keretein bel\u00fcl fejlesztett\u00fck hum\u00e1n er\u0151forr\u00e1sunkat is egy angol nyelv\u0171 k\u00e9pz\u00e9sen<br \/>t\u00f6rt\u00e9n\u0151 tervezett r\u00e9szv\u00e9tellel.<br \/>A megval\u00f3sul\u00e1s helysz\u00edne: 7634 P\u00e9cs Pell\u00e9rdi \u00fat 4<br \/>A teljes beruh\u00e1z\u00e1s 2022.11.12-\u00e9n vette kezdet\u00e9t \u00e9s 2023.05.05-re val\u00f3sult meg teljes m\u00e9rt\u00e9kben<br \/>Tov\u00e1bbi inform\u00e1ci\u00f3 k\u00e9rhet\u0151: Zsifk\u00f3 Csaba \u00fcgyvezet\u0151 &#8211; 06-30-298-4110 &#8211; zskaptar@gmail.com<\/p>\t\t\t\t\t\t\t\t<\/div>\n\t\t\t\t<\/div>\n\t\t\t\t<div class=\"elementor-element elementor-element-a633cc0 elementor-widget elementor-widget-image\" data-id=\"a633cc0\" data-element_type=\"widget\" data-e-type=\"widget\" data-widget_type=\"image.default\">\n\t\t\t\t<div class=\"elementor-widget-container\">\n\t\t\t\t\t\t\t\t\t\t\t\t\t\t\t\t<a href=\"https:\/\/farkasfilter.hu\/\">\n\t\t\t\t\t\t\t<img decoding=\"async\" src=\"https:\/\/farkasfilter.hu\/wp-content\/uploads\/2024\/07\/MFF-kedvezmenyezetti-infoblokk-keretes.jpg\" title=\"MFF kedvezme\u0301nyezetti infoblokk keretes\" alt=\"MFF kedvezme\u0301nyezetti infoblokk keretes\" loading=\"lazy\" \/>\t\t\t\t\t\t\t\t<\/a>\n\t\t\t\t\t\t\t\t\t\t\t\t\t\t\t<\/div>\n\t\t\t\t<\/div>\n\t\t\t\t\t<\/div>\n\t\t<\/div>\n\t\t\t\t\t<\/div>\n\t\t<\/section>\n\t\t\t\t<\/div>\n\t\t","protected":false},"excerpt":{"rendered":"<p>Digit\u00e1lis Meg\u00fajul\u00e1s Operat\u00edv Program Plusz GINOP-8.3.5-18\/B Ad\u00f3s neve: Farkas-Filter Kft Forg\u00f3eszk\u00f6z finansz\u00edroz\u00e1s tartalm\u00e1mak r\u00f6vid bemutat\u00e1sa: K\u00e9szletbeszerz\u00e9s \u00e9s munkaer\u0151 k\u00f6lts\u00e9g Hitelprogram azonos\u00edt\u00f3 jele: GINOP-8.3.5-18\/BT\u00e1mogat\u00e1s \u00f6sszege: 21.000.000.- Visszat\u00e9r\u00edtend\u0151 kedvezm\u00e9nyes hitel. GINOP_PLUSZ-1.2.1-21 A Gazdas\u00e1gfejleszt\u00e9si \u00e9s Innov\u00e1ci\u00f3s Operat\u00edv Program Plusz keret\u00e9n bel\u00fcl t\u00e1mogatott, a meghirdetettGINOP_PLUSZ-1.2.1-21 felh\u00edv\u00e1sban elnyert, GINOP_PLUSZ-1.2.1-21-2021-02761 azonos\u00edt\u00f3sz\u00e1mmalell\u00e1tott projektj\u00e9vel a Farkas-Filter Kereskedelmi \u00e9s Szolg\u00e1ltat\u00f3 Korl\u00e1tolt Felel\u0151ss\u00e9g\u0171 T\u00e1rsas\u00e1g,energetikai fejleszt\u00e9st, [&hellip;]<\/p>\n","protected":false},"author":1,"featured_media":0,"parent":0,"menu_order":0,"comment_status":"closed","ping_status":"closed","template":"","meta":{"site-sidebar-layout":"default","site-content-layout":"","ast-site-content-layout":"default","site-content-style":"default","site-sidebar-style":"default","ast-global-header-display":"","ast-banner-title-visibility":"","ast-main-header-display":"","ast-hfb-above-header-display":"","ast-hfb-below-header-display":"","ast-hfb-mobile-header-display":"","site-post-title":"","ast-breadcrumbs-content":"","ast-featured-img":"","footer-sml-layout":"","ast-disable-related-posts":"","theme-transparent-header-meta":"default","adv-header-id-meta":"","stick-header-meta":"","header-above-stick-meta":"","header-main-stick-meta":"","header-below-stick-meta":"","astra-migrate-meta-layouts":"set","ast-page-background-enabled":"default","ast-page-background-meta":{"desktop":{"background-color":"","background-image":"","background-repeat":"repeat","background-position":"center center","background-size":"auto","background-attachment":"scroll","background-type":"","background-media":"","overlay-type":"","overlay-color":"","overlay-opacity":"","overlay-gradient":""},"tablet":{"background-color":"","background-image":"","background-repeat":"repeat","background-position":"center center","background-size":"auto","background-attachment":"scroll","background-type":"","background-media":"","overlay-type":"","overlay-color":"","overlay-opacity":"","overlay-gradient":""},"mobile":{"background-color":"","background-image":"","background-repeat":"repeat","background-position":"center center","background-size":"auto","background-attachment":"scroll","background-type":"","background-media":"","overlay-type":"","overlay-color":"","overlay-opacity":"","overlay-gradient":""}},"ast-content-background-meta":{"desktop":{"background-color":"var(--ast-global-color-5)","background-image":"","background-repeat":"repeat","background-position":"center center","background-size":"auto","background-attachment":"scroll","background-type":"","background-media":"","overlay-type":"","overlay-color":"","overlay-opacity":"","overlay-gradient":""},"tablet":{"background-color":"var(--ast-global-color-5)","background-image":"","background-repeat":"repeat","background-position":"center center","background-size":"auto","background-attachment":"scroll","background-type":"","background-media":"","overlay-type":"","overlay-color":"","overlay-opacity":"","overlay-gradient":""},"mobile":{"background-color":"var(--ast-global-color-5)","background-image":"","background-repeat":"repeat","background-position":"center center","background-size":"auto","background-attachment":"scroll","background-type":"","background-media":"","overlay-type":"","overlay-color":"","overlay-opacity":"","overlay-gradient":""}},"footnotes":""},"class_list":["post-438","page","type-page","status-publish","hentry"],"_links":{"self":[{"href":"https:\/\/farkasfilter.hu\/index.php\/wp-json\/wp\/v2\/pages\/438","targetHints":{"allow":["GET"]}}],"collection":[{"href":"https:\/\/farkasfilter.hu\/index.php\/wp-json\/wp\/v2\/pages"}],"about":[{"href":"https:\/\/farkasfilter.hu\/index.php\/wp-json\/wp\/v2\/types\/page"}],"author":[{"embeddable":true,"href":"https:\/\/farkasfilter.hu\/index.php\/wp-json\/wp\/v2\/users\/1"}],"replies":[{"embeddable":true,"href":"https:\/\/farkasfilter.hu\/index.php\/wp-json\/wp\/v2\/comments?post=438"}],"version-history":[{"count":19,"href":"https:\/\/farkasfilter.hu\/index.php\/wp-json\/wp\/v2\/pages\/438\/revisions"}],"predecessor-version":[{"id":554,"href":"https:\/\/farkasfilter.hu\/index.php\/wp-json\/wp\/v2\/pages\/438\/revisions\/554"}],"wp:attachment":[{"href":"https:\/\/farkasfilter.hu\/index.php\/wp-json\/wp\/v2\/media?parent=438"}],"curies":[{"name":"wp","href":"https:\/\/api.w.org\/{rel}","templated":true}]}}